{"id":23,"date":"2018-06-19T13:56:53","date_gmt":"2018-06-19T13:56:53","guid":{"rendered":"https:\/\/polis-bau.hu\/?page_id=23"},"modified":"2018-10-08T11:43:05","modified_gmt":"2018-10-08T11:43:05","slug":"unios-beruhazasok","status":"publish","type":"page","link":"https:\/\/polis-bau.hu\/?page_id=23","title":{"rendered":"Uni\u00f3s Beruh\u00e1z\u00e1sok"},"content":{"rendered":"<p>[vc_row css=&#8221;.vc_custom_1538143316075{background-color: #ffffff !important;}&#8221;][vc_column][vc_single_image image=&#8221;107&#8243; img_size=&#8221;medium&#8221; alignment=&#8221;right&#8221;][vc_column_text css=&#8221;.vc_custom_1538998960261{padding-top: 10px !important;padding-right: 10px !important;padding-bottom: 20px !important;padding-left: 20px !important;background-color: #fcfcfc !important;}&#8221;]<strong>&#8222;Kapacit\u00e1sb\u0151v\u00edt\u00e9s a POLIS-BAU Kft.-n\u00e9l&#8221; c\u00edm\u0171 GINOP-1.2.2-16-2017-01344 azonos\u00edt\u00f3sz\u00e1m\u00fa projekt bemutat\u00e1sa<\/strong><\/p>\n<p>&nbsp;<\/p>\n<p><strong>A kedvezm\u00e9nyezett neve: <\/strong>POLIS-BAU \u00c9p\u00edt\u0151 \u00c9p\u00edt\u0151ipari \u00e9s Szolg\u00e1ltat\u00f3 Korl\u00e1tolt Felel\u0151ss\u00e9g\u0171 T\u00e1rsas\u00e1g<\/p>\n<p><strong>A projekt c\u00edme:<\/strong> Kapacit\u00e1sb\u0151v\u00edt\u00e9s a POLIS-BAU Kft.-n\u00e9l<\/p>\n<p><strong>A projekt azonos\u00edt\u00f3 sz\u00e1ma: <\/strong>GINOP-1.2.2-16-2017-01344<\/p>\n<p><strong>A projekt elsz\u00e1molhat\u00f3 \u00f6sszek\u00f6lts\u00e9ge: <\/strong>81 552\u00a0300 Ft<\/p>\n<p><strong>A szerz\u0151d\u00f6tt t\u00e1mogat\u00e1s \u00f6sszege: <\/strong>39 653 269 Ft<\/p>\n<p><strong>A t\u00e1mogat\u00e1s m\u00e9rt\u00e9ke: <\/strong>48.62 %<\/p>\n<p><strong>A projekt\u00a0 befejez\u00e9si d\u00e1tuma:<\/strong> 2018.06.11.<\/p>\n<p><strong>\u00a0<\/strong><\/p>\n<p><strong>A projekt tartalm\u00e1nak bemutat\u00e1sa:<\/strong><\/p>\n<p>A Gazdas\u00e1gfejleszt\u00e9si es Innov\u00e1ci\u00f3s Operat\u00edv Program kereten bel\u00fcl a Nemzetgazdas\u00e1gi Miniszt\u00e9rium, mint T\u00e1mogat\u00f3 \u00e1ltal 2016. december 2-an meghirdetett \u201eMikro-, kis- \u00e9s k\u00f6z\u00e9pv\u00e1llalkoz\u00e1sok kapacit\u00e1sb\u0151v\u00edt\u0151 beruh\u00e1z\u00e1sainak t\u00e1mogat\u00e1sa\u201d c\u00edm\u0171 felh\u00edv\u00e1s alapj\u00e1n a POLIS-BAU \u00c9p\u00edt\u0151 \u00c9p\u00edt\u0151ipari \u00e9s Szolg\u00e1ltat\u00f3 Korl\u00e1tolt Felel\u0151ss\u00e9g\u0171 T\u00e1rsas\u00e1g pozit\u00edv elb\u00edr\u00e1l\u00e1sban r\u00e9szes\u00fclt \u00e9s 39 653\u00a0269 Ft, vissza nem t\u00e9r\u00edtend\u0151 t\u00e1mogat\u00e1st nyert el.<\/p>\n<p>A projekt keret\u00e9ben kapacit\u00e1sb\u0151v\u00edt\u00e9s val\u00f3sul meg a tervezett h\u00e1rom darab munkag\u00e9p beszerz\u00e9s\u00e9vel, mely hozz\u00e1j\u00e1rul a Kft. technol\u00f3giai felk\u00e9sz\u00fclts\u00e9g\u00e9nek javul\u00e1s\u00e1hoz. A t\u00e1mogat\u00e1s megval\u00f3sul\u00e1s\u00e1val n\u00f6veked\u00e9s v\u00e1rhat\u00f3 v\u00e1llalkoz\u00e1sunk versenyk\u00e9pess\u00e9ge \u00e9s er\u0151forr\u00e1s-hat\u00e9konys\u00e1g tekintet\u00e9ben is.<\/p>\n<p>Jelen fejleszt\u00e9shez kapcsol\u00f3d\u00f3an beszerz\u00e9sre ker\u00fcl egy Bobcat TR50210 EVO t\u00edpus\u00fa forg\u00f3v\u00e1zas rakod\u00f3g\u00e9p, egy JCB 4CX ECO T4F t\u00edpus\u00fa kotr\u00f3-rakod\u00f3g\u00e9p valamint egy ,Mitsubishi FD35 N t\u00edpus\u00fa vill\u00e1s targonca, melyek jelent\u0151sen emelik t\u00e1rsas\u00e1gunk eszk\u00f6z\u00e1llom\u00e1ny\u00e1nak m\u0171szaki sz\u00ednvonal\u00e1t.<\/p>\n<p>&nbsp;<\/p>\n<p>A h\u00e1rom darab \u00faj munkag\u00e9p seg\u00edts\u00e9g\u00e9vel az \u00fat\u00e9p\u00edt\u00e9sekhez kapcsol\u00f3d\u00f3 k\u00f6zm\u0171 \u00e9s m\u0171t\u00e1rgy \u00e9p\u00edt\u00e9sek \u00e9s \u00e1talak\u00edt\u00e1sok is megoldhat\u00f3v\u00e1 v\u00e1lnak jelent\u0151sebb alv\u00e1llalkoz\u00f3i kapacit\u00e1sok ig\u00e9nybev\u00e9tele n\u00e9lk\u00fcl. A projekt meghat\u00e1roz\u00f3 eleme a forg\u00f3v\u00e1zas, teleszk\u00f3pos g\u00e9mszerkezet\u0171 rakod\u00f3g\u00e9p, mely alkalmas a f\u00f6ldmunka kan\u00e1llal \u00f6mlesztett anyagok rakod\u00e1s\u00e1ra az eddig munkag\u00e9ppel megk\u00f6zel\u00edthetetlen helyekre is. A gumikerekes kotr\u00f3-rakod\u00f3 g\u00e9p univerz\u00e1lisan haszn\u00e1lhat\u00f3 az \u00fat\u00e9p\u00edt\u00e9sekhez kapcsol\u00f3d\u00f3 f\u00f6ldmunk\u00e1kban \u00e9s az anyagmozgat\u00e1sban egyar\u00e1nt. A vill\u00e1stargonca a raklapos \u00e9s nagyobb kiterjed\u00e9s\u0171 anyagok, illetve kisebb g\u00e9pek rakod\u00e1s\u00e1ra szolg\u00e1l telephelyen \u00e9s munkater\u00fcleten.<\/p>\n<p>A fejleszt\u00e9s kapcs\u00e1n a t\u00e1rsas\u00e1g piaci poz\u00edci\u00f3ja tov\u00e1bb er\u0151s\u00f6dik, ami biztons\u00e1gosabb munka ell\u00e1totts\u00e1got eredm\u00e9nyez. Ez ut\u00f3bbi pedig el\u0151seg\u00edti a munkahelyek megtart\u00e1s\u00e1t, illetve \u00faj munkahelyek l\u00e9trehoz\u00e1s\u00e1t. A beszerz\u00e9sre ker\u00fcl\u0151 eszk\u00f6z\u00f6k korszer\u0171s\u00e9ge r\u00e9v\u00e9n pedig a hat\u00e9konys\u00e1g n\u00f6vel\u00e9ssel n\u0151 a nyeres\u00e9gtermel\u0151 k\u00e9pess\u00e9g, amely k\u00f6z\u00e9p \u00e9s hossz\u00fa t\u00e1von biztos\u00edtja a rent\u00e1bilis m\u0171k\u00f6d\u00e9st. A magasabb m\u0171szaki sz\u00ednvonalb\u00f3l ad\u00f3d\u00f3an alacsony szinten tarthat\u00f3 a tev\u00e9kenys\u00e9g k\u00f6rnyezetterhel\u00e9se, ami alapfelt\u00e9tele a k\u00f6rnyezeti fenntarthat\u00f3s\u00e1gnak.[\/vc_column_text][\/vc_column][\/vc_row][vc_row][vc_column][\/vc_column][\/vc_row]<\/p>\n","protected":false},"excerpt":{"rendered":"<p>[vc_row css=&#8221;.vc_custom_1538143316075{background-color: #ffffff !important;}&#8221;][vc_column][vc_single_image image=&#8221;107&#8243; img_size=&#8221;medium&#8221; alignment=&#8221;right&#8221;][vc_column_text css=&#8221;.vc_custom_1538998960261{padding-top: 10px !important;padding-right: 10px !important;padding-bottom: 20px !important;padding-left: 20px !important;background-color: #fcfcfc !important;}&#8221;]&#8222;Kapacit\u00e1sb\u0151v\u00edt\u00e9s a POLIS-BAU Kft.-n\u00e9l&#8221; c\u00edm\u0171 GINOP-1.2.2-16-2017-01344 azonos\u00edt\u00f3sz\u00e1m\u00fa projekt bemutat\u00e1sa &nbsp; A kedvezm\u00e9nyezett neve: POLIS-BAU \u00c9p\u00edt\u0151 \u00c9p\u00edt\u0151ipari \u00e9s Szolg\u00e1ltat\u00f3 Korl\u00e1tolt Felel\u0151ss\u00e9g\u0171 T\u00e1rsas\u00e1g A projekt c\u00edme: Kapacit\u00e1sb\u0151v\u00edt\u00e9s a POLIS-BAU Kft.-n\u00e9l A projekt azonos\u00edt\u00f3 sz\u00e1ma: GINOP-1.2.2-16-2017-01344 A projekt elsz\u00e1molhat\u00f3 \u00f6sszek\u00f6lts\u00e9ge: 81&#8230;<\/p>\n<p class=\"more-link\"><a href=\"https:\/\/polis-bau.hu\/?page_id=23\"><span>Read More<\/span><i>&#43;<\/i><\/a><\/p>\n","protected":false},"author":1,"featured_media":0,"parent":0,"menu_order":0,"comment_status":"closed","ping_status":"closed","template":"","meta":{"footnotes":""},"class_list":["post-23","page","type-page","status-publish","hentry"],"_links":{"self":[{"href":"https:\/\/polis-bau.hu\/index.php?rest_route=\/wp\/v2\/pages\/23","targetHints":{"allow":["GET"]}}],"collection":[{"href":"https:\/\/polis-bau.hu\/index.php?rest_route=\/wp\/v2\/pages"}],"about":[{"href":"https:\/\/polis-bau.hu\/index.php?rest_route=\/wp\/v2\/types\/page"}],"author":[{"embeddable":true,"href":"https:\/\/polis-bau.hu\/index.php?rest_route=\/wp\/v2\/users\/1"}],"replies":[{"embeddable":true,"href":"https:\/\/polis-bau.hu\/index.php?rest_route=%2Fwp%2Fv2%2Fcomments&post=23"}],"version-history":[{"count":25,"href":"https:\/\/polis-bau.hu\/index.php?rest_route=\/wp\/v2\/pages\/23\/revisions"}],"predecessor-version":[{"id":127,"href":"https:\/\/polis-bau.hu\/index.php?rest_route=\/wp\/v2\/pages\/23\/revisions\/127"}],"wp:attachment":[{"href":"https:\/\/polis-bau.hu\/index.php?rest_route=%2Fwp%2Fv2%2Fmedia&parent=23"}],"curies":[{"name":"wp","href":"https:\/\/api.w.org\/{rel}","templated":true}]}}