{"id":17,"date":"2018-06-19T13:55:54","date_gmt":"2018-06-19T13:55:54","guid":{"rendered":"https:\/\/polis-bau.hu\/?page_id=17"},"modified":"2021-04-23T09:25:05","modified_gmt":"2021-04-23T09:25:05","slug":"tevekenysegek","status":"publish","type":"page","link":"https:\/\/polis-bau.hu\/?page_id=17","title":{"rendered":"Tev\u00e9kenys\u00e9geink"},"content":{"rendered":"<p>[vc_row full_height=&#8221;yes&#8221; columns_placement=&#8221;top&#8221; content_placement=&#8221;top&#8221;][vc_column][vc_column_text css=&#8221;.vc_custom_1530013856589{padding-top: 20px !important;padding-right: 20px !important;padding-bottom: 20px !important;padding-left: 20px !important;background-color: #fcfcfc !important;}&#8221;]A POLIS-BAU Kft. a magas \u00e9s m\u00e9ly\u00e9p\u00edt\u00e9s piac\u00e1n, megalakul\u00e1s\u00e1t\u00f3l kezdve fontos szerepet t\u00f6lt be. C\u00e9g\u00fcnk szakmai tapasztalata, kiterjedt partnerkapcsolata alkalmass\u00e1 tesz minket arra, hogy komplett munk\u00e1latokat v\u00e9gezz\u00fcnk Megb\u00edz\u00f3ink ig\u00e9nyeinek teljes k\u00f6r\u0171 kiszolg\u00e1l\u00e1sa \u00e9rdek\u00e9ben.<\/p>\n<p>A kivitelez\u00e9s sor\u00e1n k\u00fcl\u00f6n\u00f6s figyelmet ford\u00edtunk a munkater\u00fclet tisztas\u00e1g\u00e1ra, rendezetts\u00e9g\u00e9re, amivel hozz\u00e1j\u00e1rulunk a biztons\u00e1gos \u00e9s kultur\u00e1lt munkav\u00e9gz\u00e9shez.<\/p>\n<p>T\u00e1rsas\u00e1gunk a magas \u00e9s m\u00e9ly\u00e9p\u00edt\u00e9s mellett, \u00fat\u00e9p\u00edt\u00e9ssel, k\u00f6zm\u0171\u00e9p\u00edt\u00e9ssel foglalkozik. \u00dcgyf\u00e9lk\u00f6zpont\u00fa szeml\u00e9let\u00fcnkkel kiemelt figyelmet ford\u00edtunk a megrendel\u0151ink ig\u00e9nyeinek magas szint\u0171 kiszolg\u00e1l\u00e1s\u00e1ra \u00e9s a hossz\u00fa t\u00e1v\u00fa k\u00f6lcs\u00f6n\u00f6s partneri egy\u00fcttm\u0171k\u00f6d\u00e9s fenntart\u00e1s\u00e1ra, hogy ez\u00e1ltal t\u00e9rs\u00e9g\u00fcnk meghat\u00e1roz\u00f3 \u00e9p\u00edt\u0151 c\u00e9g\u00e9v\u00e9 v\u00e1lhassunk.<\/p>\n<p>Fenn\u00e1ll\u00e1sunk kezdet\u00e9t\u0151l sz\u00e1mos, az \u00fat\u00e9p\u00edt\u00e9si \u00e9s m\u00e9ly\u00e9p\u00edt\u00e9si tev\u00e9kenys\u00e9g fejleszt\u00e9shez kapcsol\u00f3d\u00f3 g\u00e9pet szerezt\u00fcnk be, ez\u00e1ltal l\u00e9p\u00e9st tartva a piaci versenyt\u00e1rsakkal, folyamatosan er\u0151s\u00edtve kiv\u00edvott poz\u00edci\u00f3nkat az \u00e9p\u00edt\u0151iparban.<\/p>\n<p>V\u00e1lasszon minket, amennyiben egy olyan professzion\u00e1lis csapatra van sz\u00fcks\u00e9ge, aki a beruh\u00e1z\u00e1sokat komplexen, az \u00d6n elk\u00e9pzel\u00e9seinek megfelel\u0151en val\u00f3s\u00edtja meg!<\/p>\n<p>&nbsp;<\/p>\n<p>G\u00e9pparkunk:<\/p>\n<ul>\n<li>komplett aszfaltter\u00edt\u0151 g\u00e9pl\u00e1nc<\/li>\n<li>\u00fathengerek<\/li>\n<li>padkahenger<\/li>\n<li>kotr\u00f3 rakod\u00f3g\u00e9p<\/li>\n<li>m\u00e9ly\u00e1s\u00f3 adapter<\/li>\n<li>v\u00e1g\u00f3\u00e9les kan\u00e1l<\/li>\n<li>sepr\u0151 adapter<\/li>\n<li>f\u00far\u00f3 adapter<\/li>\n<li>bont\u00f3kalap\u00e1cs<\/li>\n<li>hidraulikus lapvibr\u00e1tor<\/li>\n<li>minirakod\u00f3<\/li>\n<li>gumikerekes kotr\u00f3g\u00e9p<\/li>\n<li>forg\u00f3v\u00e1zas rakod\u00f3g\u00e9p<\/li>\n<li>vill\u00e1stargonca<\/li>\n<\/ul>\n<p>[\/vc_column_text][\/vc_column][\/vc_row]<\/p>\n","protected":false},"excerpt":{"rendered":"<p>[vc_row full_height=&#8221;yes&#8221; columns_placement=&#8221;top&#8221; content_placement=&#8221;top&#8221;][vc_column][vc_column_text css=&#8221;.vc_custom_1530013856589{padding-top: 20px !important;padding-right: 20px !important;padding-bottom: 20px !important;padding-left: 20px !important;background-color: #fcfcfc !important;}&#8221;]A POLIS-BAU Kft. a magas \u00e9s m\u00e9ly\u00e9p\u00edt\u00e9s piac\u00e1n, megalakul\u00e1s\u00e1t\u00f3l kezdve fontos szerepet t\u00f6lt be. C\u00e9g\u00fcnk szakmai tapasztalata, kiterjedt partnerkapcsolata alkalmass\u00e1 tesz minket arra, hogy komplett munk\u00e1latokat v\u00e9gezz\u00fcnk Megb\u00edz\u00f3ink ig\u00e9nyeinek teljes k\u00f6r\u0171 kiszolg\u00e1l\u00e1sa \u00e9rdek\u00e9ben. A kivitelez\u00e9s sor\u00e1n k\u00fcl\u00f6n\u00f6s figyelmet ford\u00edtunk a munkater\u00fclet&#8230;<\/p>\n<p class=\"more-link\"><a href=\"https:\/\/polis-bau.hu\/?page_id=17\"><span>Read More<\/span><i>&#43;<\/i><\/a><\/p>\n","protected":false},"author":1,"featured_media":0,"parent":0,"menu_order":0,"comment_status":"closed","ping_status":"closed","template":"","meta":{"footnotes":""},"class_list":["post-17","page","type-page","status-publish","hentry"],"_links":{"self":[{"href":"https:\/\/polis-bau.hu\/index.php?rest_route=\/wp\/v2\/pages\/17","targetHints":{"allow":["GET"]}}],"collection":[{"href":"https:\/\/polis-bau.hu\/index.php?rest_route=\/wp\/v2\/pages"}],"about":[{"href":"https:\/\/polis-bau.hu\/index.php?rest_route=\/wp\/v2\/types\/page"}],"author":[{"embeddable":true,"href":"https:\/\/polis-bau.hu\/index.php?rest_route=\/wp\/v2\/users\/1"}],"replies":[{"embeddable":true,"href":"https:\/\/polis-bau.hu\/index.php?rest_route=%2Fwp%2Fv2%2Fcomments&post=17"}],"version-history":[{"count":7,"href":"https:\/\/polis-bau.hu\/index.php?rest_route=\/wp\/v2\/pages\/17\/revisions"}],"predecessor-version":[{"id":205,"href":"https:\/\/polis-bau.hu\/index.php?rest_route=\/wp\/v2\/pages\/17\/revisions\/205"}],"wp:attachment":[{"href":"https:\/\/polis-bau.hu\/index.php?rest_route=%2Fwp%2Fv2%2Fmedia&parent=17"}],"curies":[{"name":"wp","href":"https:\/\/api.w.org\/{rel}","templated":true}]}}